t b(r) = -5*j(r) - 6*y(r). Let x = 1 - 6. What are the prime factors of b(x)?
2, 3
Suppose -r + 10 + 25 = 0. Let j = r + -17. Suppose -j*o + 16*o = -140. What are the prime factors of o?
2, 5, 7
Let c be (4/(-3))/((-4)/102). Suppose 3*q + 6*i = 2*i + c, 2*q = -4*i + 20. List the prime factors of q.
2, 7
Let l = 551 + 1654. What are the prime factors of l?
3, 5, 7
Suppose 0 = 17*m + 337 - 2292. What are the prime factors of m?
5, 23
Let v(a) = -2 + 382*a - 1 - 6*a**3 - 387*a - a**3. What are the prime factors of v(-3)?
3, 67
Let v(u) = 2*u**3 - 11*u**2 + 19*u + 10. List the prime factors of v(6).
2, 5
Suppose q - 6*q = 20. Let y(g) be the first derivative of -6*g**2 - g + 271. List the prime factors of y(q).
47
List the prime factors of 8 + 0 + (-1712)/(-4).
2, 109
Let o(q) be the second derivative of -q**5/20 + q**4/4 + 2*q**3/3 - 2*q**2 + q. Let j be 2/9 + 75/27. List the prime factors of o(j).
2
Let q(z) = 9*z**3 + z**2 + z + 1. Let j be (-4)/26 + (-11)/13. Let d be q(j). Let w = d + 30. List the prime factors of w.
2, 11
Suppose -q + 5*q - 56 = 0. Suppose -54 = q*c - 15*c. List the prime factors of c.
2, 3
Let r(y) be the third derivative of 0 - 3/20*y**5 + 3*y**2 - 1/120*y**6 + 0*y + 5/24*y**4 + 7/6*y**3. What are the prime factors of r(-10)?
3, 19
Let z be (-8)/(3 + -1) - (-2 + -3). Let x(w) = 306*w**2 - 2*w + 3. What are the prime factors of x(z)?
307
Suppose -y + 3*s - 97 = -2*y, -y + s + 85 = 0. Let f = y + 127. What are the prime factors of f?
5, 43
Suppose -47 = -5*x - 12. Suppose 5*i = x*i - 4. Suppose 4*t = 3*y - 83, -i*y = -t + 6*t - 17. List the prime factors of y.
3, 7
Suppose 3 = 2*m - m. Suppose -4*x + 2*b - 6*b + 132 = 0, 127 = m*x - 4*b. What are the prime factors of x?
37
Let k(n) be the second derivative of -3*n + 1/12*n**4 - 1/6*n**3 - 1/2*n**5 + 0 - 5/2*n**2. What are the prime factors of k(-2)?
3
Suppose -137*c + 146*c = 13644. List the prime factors of c.
2, 379
Let f be (-5)/(-25)*37 + 2/(-5). Suppose -u - r + 29 = 2*r, 3*r - 15 = 0. List the prime factors of f/u + (-3)/(-2).
2
Suppose -228 = 13*u - 852. List the prime factors of u.
2, 3
Suppose 87 = 2*r + 4*l - 309, 3*r = 5*l + 649. List the prime factors of r.
2, 13
Let c = -390 + 390. Let j be (-29)/2*(-6)/3. Let y = c + j. What are the prime factors of y?
29
Let b(c) = c. Let a be b(5). Suppose 3*x + 6 = 2*l - 1, 8 = a*l + 2*x. Suppose 4*p - 2*p - s = 25, 3*s + 23 = l*p. List the prime factors of p.
13
Let d(q) = -4*q**3 - 10*q**2 - 2*q + 46. List the prime factors of d(-5).
2, 3, 17
Let f = -74 + 79. Suppose f*k + b = 6*k - 243, -k + 247 = -5*b. List the prime factors of k.
2, 11
Let o = 812 + -766. List the prime factors of o.
2, 23
Suppose 3*w - 2*w - 24 = 0. Let j = 14 + w. Suppose 0 = 3*r - 143 + j. List the prime factors of r.
5, 7
Let s = -39 - -67. Suppose -3 + 9 = 3*d. Suppose -q = -5*q + 4*k + s, q = d*k + 3. List the prime factors of q.
11
Let w(o) = 41*o**2 - 22*o + 8. List the prime factors of w(4).
2, 3
Suppose -3*l = g - 106 - 150, -445 = -5*l + 2*g. What are the prime factors of l?
3, 29
Let z be -1*(4 + (-14)/2). What are the prime factors of 8/((z - 7)*4/(-232))?
2, 29
Let p = -115 - -73. Let h = p + 140. What are the prime factors of h?
2, 7
Let a be (28/10)/(2/180). List the prime factors of (a/24)/(2/4).
3, 7
Let p = 157 - -198. List the prime factors of p.
5, 71
Let o = -122 + 240. Suppose -f = 4*n - o, 0 = -5*n + 8 - 33. List the prime factors of f.
2, 3, 23
Suppose 4*k - 2*k + 4 = 3*p, 0 = -3*k + 3*p. Let d be (2/(-3))/(k/(-24)). Suppose 26 = 3*r - 2*b - 51, 0 = -5*r - d*b + 99. List the prime factors of r.
23
Let g(q) = -q**2 - 12*q - 6. Let f be g(-11). Suppose 0 = f*m + 2*c - 572, -3*m + 0*c = -2*c - 340. What are the prime factors of m?
2, 3, 19
Let v(q) = 2*q + 1. Let g(y) = 2*y + 1. Let c(w) = 4*g(w) - 3*v(w). Let a be c(0). Let u = 8 + a. List the prime factors of u.
3
Let b be (-16)/(-72) - 940/18. List the prime factors of 1 - b - (-13 + 17).
7
Suppose 10 = 4*l - 2*s, -4*s - 10 = -l - 6*s. List the prime factors of (-4632)/(-32) + 1/l.
5, 29
Let j(v) = -2*v + 2. Let x(y) = 9*y + 5. Let h(b) = 6*j(b) + x(b). Suppose 0 = 5*d + 14 + 6. List the prime factors of h(d).
29
Let i(c) = c**2 - 6*c + 8. Let t be i(6). Let o(k) be the first derivative of k**4/4 - 3*k**3 + 9*k**2/2 + 3*k + 1. What are the prime factors of o(t)?
11
Let z be -1 - -4 - (1 - -1). Let l(q) = -5*q**2 - q + 1. Let u be l(z). Let n(f) = f**3 + 8*f**2 + 8*f + 5. List the prime factors of n(u).
2, 5
Let y be (-3 + -1)*(-19)/4. Suppose 3*o + y + 5 = 0. What are the prime factors of (-234)/o + (-9)/(-12)?
2, 3, 5
Let q = 90 - -441. What are the prime factors of q?
3, 59
Suppose b - 6 + 0 = 0. Let c = -35 - -61. Suppose -c = 4*t - b*t. List the prime factors of t.
13
Let i be ((-36)/18)/((-14)/10 + 1). Suppose -2*c + i = -c, 0 = 3*v - c - 826. What are the prime factors of v?
277
Suppose -2*w - 2 = -0*j - j, -4*w = 5*j + 4. List the prime factors of ((-906)/(-6))/((-1)/w).
151
Let z = -37 + 16. Let r be (-6)/z - (-1326)/14. Suppose -5*y + 2*w + r = 0, 3*y + 3*w - 48 + 12 = 0. List the prime factors of y.
17
Let i(v) = v**3 + 14*v**2 + 4*v - 3. Let u be i(-14). Let z = u - -98. List the prime factors of z.
3, 13
Let z be 15/(-2)*(-10)/(-5). Let k = z - -17. What are the prime factors of (18/k)/3 + 42?
3, 5
What are the prime factors of 3022/8 - 45/60?
13, 29
Suppose 3*j + 5*n - 31 = -2, -n + 4 = 0. Suppose 3*w + 3*c = 285, -j*c - 13 = w - 112. List the prime factors of w.
3, 31
Suppose m - 297 - 368 = -4*b, -3*m + 2059 = -4*b. List the prime factors of m.
3, 227
Let d be 580/70 + (-4)/14. Suppose 3*h - d*h - 4*p = -30, 2*p = -5*h + 20. Suppose h*y + 91 = 3*s - 3*y, 5*s + 3*y - 163 = 0. What are the prime factors of s?
2
Let r = 66 - 63. What are the prime factors of ((-4)/6)/(4/(-846)*r)?
47
Let h(g) be the first derivative of 7*g**3/3 + 3*g**2/2 - 10*g + 8. Let s be h(7). Suppose 8*p - s = 2*p. List the prime factors of p.
59
Let s(n) = n**2 - 8*n - 9. What are the prime factors of s(12)?
3, 13
Suppose 5*s = 8846 + 1629. List the prime factors of s.
5, 419
Let r = 135 + -94. List the prime factors of (13 - 15)*r/(-2).
41
Let t(c) = 26*c**2 - 22*c + 140. List the prime factors of t(7).
2, 3, 5, 7
Let c = 0 + 0. Suppose -2*i = 0, -4*s + c*i = i. Suppose 4*a - 50 = -3*u - s*a, 2*u + 5*a - 45 = 0. List the prime factors of u.
2, 5
Suppose -2*s - 2*h = -0*h + 4, -16 = 4*s + 2*h. Let j be 27/s + (-2)/(-4). Let g = -1 - j. What are the prime factors of g?
3
Let k be 1*(0 - (0 - -2)). Let m = 10 + k. Suppose -c + 2*l + m = 3*l, -3*c + 3*l + 36 = 0. List the prime factors of c.
2, 5
Suppose 6*q - 11406 = -3408. What are the prime factors of q?
31, 43
Let s(w) = -2*w**3 - 4*w**2 - 2*w. Let d be s(-2). Suppose 8*y - d*y = 400. List the prime factors of y.
2, 5
Suppose 17 = b - 2*f, -b - 2*f + 18 = -5*f. What are the prime factors of ((-132)/b)/(4/(-10))?
2, 11
List the prime factors of -10 + 10 + 2*223.
2, 223
Suppose 123*i = 122*i + 159. What are the prime factors of i?
3, 53
Let l = 84 - 196. Let d = 354 + l. What are the prime factors of d?
2, 11
Suppose 5*z - l = 4330, -5*z + 6*z + l = 866. What are the prime factors of z?
2, 433
What are the prime factors of 12/10 - (-6496)/70?
2, 47
What are the prime factors of 1/(6/(-201))*-18?
3, 67
Suppose w - 78 - 18 = 0. Suppose 0 = 2*m + 6, -4*z + w = 4*m - 0*m. Let c = 47 - z. List the prime factors of c.
2, 5
Let f(q) = 19*q - 8. Let r(y) = -9*y + 4. Let d(c) = 2*f(c) + 5*r(c). List the prime factors of d(-9).
67
Let x be 78*(3/(-8))/((-9)/108). What are the prime factors of (-2 - -3)/(9/x)?
3, 13
Suppose 2*x = -5*y + 127, 171 = 5*x - 3*y - 193. Suppose -8 + x = 3*w. Suppose 3*t - w = 48. What are the prime factors of t?
23
List the prime factors of (2/(-2))/(2/9996*-6).
7, 17
Suppose -3*o - 3*k - 633 = -6*o, k + 641 = 3*o. List the prime factors of o.
5, 43
Suppose -d + 2*x + 93 = 5*x, 0 = 3*d + 2*x - 279. Let s = d + -65. Let b = 54 - s. What are the prime factors of b?
2, 13
Suppose 5*n = 4*f + 1410, -280 = 4*n - 4*f - 1408. List the prime factors of n.
2, 3, 47
Let w = -1989 - -2834. List the prime factors of w.
5, 13
What are the prime factors of 422 + (36/4 - 2 - 4)?
5, 17
List the prime factors of 3138/(-9)*(-6 + -13 + 4).
